{"id":3145,"date":"2017-11-23T16:11:52","date_gmt":"2017-11-23T16:11:52","guid":{"rendered":"http:\/\/www.plexo.edu.uy\/?page_id=3145"},"modified":"2017-11-23T16:11:52","modified_gmt":"2017-11-23T16:11:52","slug":"lecturas-5-historia","status":"publish","type":"page","link":"https:\/\/viaje18.plexo.edu.uy\/index.php\/lecturas-5-historia\/","title":{"rendered":"Lecturas Historia General"},"content":{"rendered":"<p>[et_pb_section bb_built=&#8221;1&#8243; _builder_version=&#8221;3.0.47&#8243; custom_padding=&#8221;0px|0px|0px|0px&#8221; next_background_color=&#8221;#000000&#8243;][et_pb_row custom_padding=&#8221;20px|0px|0px|0px&#8221; _builder_version=&#8221;3.0.47&#8243; background_size=&#8221;initial&#8221; background_position=&#8221;top_left&#8221; background_repeat=&#8221;repeat&#8221;][et_pb_column type=&#8221;4_4&#8243;][et_pb_text _builder_version=&#8221;3.0.86&#8243; module_alignment=&#8221;left&#8221;]<\/p>\n<h3>HISTORIA GENERAL<\/h3>\n<p>[\/et_pb_text][\/et_pb_column][\/et_pb_row][et_pb_row custom_padding=&#8221;27px|0px|0px|0px&#8221; _builder_version=&#8221;3.0.47&#8243; background_size=&#8221;initial&#8221; background_position=&#8221;top_left&#8221; background_repeat=&#8221;repeat&#8221;][et_pb_column type=&#8221;1_6&#8243;][et_pb_image src=&#8221;http:\/\/www.plexo.edu.uy\/wp-content\/uploads\/2017\/11\/147.Dioses-y-heroes-de-la-antigua-Grecia.jpg&#8221; url=&#8221;http:\/\/www.plexo.edu.uy\/wp-content\/uploads\/2018\/08\/147.Dioses-y-heroes-de-la-antigua-Grecia-Robert-Graves.epub&#8221; url_new_window=&#8221;on&#8221; _builder_version=&#8221;3.2&#8243;]<br \/>\n&nbsp;<br \/>\n[\/et_pb_image][et_pb_text _builder_version=&#8221;3.0.86&#8243;]<br \/>\n<strong>DIOSES Y H\u00c9ROES DE LA ANTIGUA GRECIA<\/strong><br \/>\nRobert Graves<br \/>\n[\/et_pb_text][\/et_pb_column][et_pb_column type=&#8221;1_6&#8243;][et_pb_image src=&#8221;http:\/\/www.plexo.edu.uy\/wp-content\/uploads\/2017\/11\/148.Kaputt.jpg&#8221; url=&#8221;http:\/\/www.plexo.edu.uy\/wp-content\/uploads\/2018\/08\/148.Kaputt-Curzio-Malaparte.epub&#8221; url_new_window=&#8221;on&#8221; _builder_version=&#8221;3.2&#8243;]<br \/>\n&nbsp;<br \/>\n[\/et_pb_image][et_pb_text _builder_version=&#8221;3.0.86&#8243;]<br \/>\n<strong>KAPUTT<\/strong><br \/>\nCurzio Malaparte<br \/>\n[\/et_pb_text][\/et_pb_column][et_pb_column type=&#8221;1_6&#8243;][et_pb_image src=&#8221;http:\/\/www.plexo.edu.uy\/wp-content\/uploads\/2017\/11\/151.Napoleon-Bonaparte-Una-biografia-intima-Vincent-Cronin.jpg&#8221; url=&#8221;http:\/\/www.plexo.edu.uy\/wp-content\/uploads\/2018\/08\/151.Napoleon-Bonaparte-Una-biografia-intim-Vincent-Cronin.epub&#8221; url_new_window=&#8221;on&#8221; _builder_version=&#8221;3.2&#8243;]<br \/>\n&nbsp;<br \/>\n[\/et_pb_image][et_pb_text _builder_version=&#8221;3.0.86&#8243;]<br \/>\n<strong>NAPOLE\u00d3N, UNA BIOGRAF\u00cdA \u00cdNTIMA<\/strong><br \/>\nVincent Cronin<br \/>\n[\/et_pb_text][\/et_pb_column][et_pb_column type=&#8221;1_6&#8243;][\/et_pb_column][et_pb_column type=&#8221;1_6&#8243;][\/et_pb_column][et_pb_column type=&#8221;1_6&#8243;][\/et_pb_column][\/et_pb_row][\/et_pb_section][et_pb_section bb_built=&#8221;1&#8243; _builder_version=&#8221;3.0.47&#8243; custom_padding=&#8221;0px|0px|0px|0px&#8221; prev_background_color=&#8221;#000000&#8243;][et_pb_row _builder_version=&#8221;3.0.47&#8243; background_size=&#8221;initial&#8221; background_position=&#8221;top_left&#8221; background_repeat=&#8221;repeat&#8221; custom_padding=&#8221;0px|0px|70px|0px&#8221;][et_pb_column type=&#8221;4_4&#8243;][et_pb_divider color=&#8221;#9b9b9b&#8221; show_divider=&#8221;on&#8221; _builder_version=&#8221;3.0.86&#8243;]<br \/>\n&nbsp;<br \/>\n[\/et_pb_divider][\/et_pb_column][\/et_pb_row][et_pb_row custom_padding=&#8221;0px|0px|90px|0px&#8221; _builder_version=&#8221;3.0.86&#8243;][et_pb_column type=&#8221;1_4&#8243;][et_pb_image src=&#8221;http:\/\/www.plexo.edu.uy\/wp-content\/uploads\/2017\/11\/1-3.jpg&#8221; url=&#8221;http:\/\/www.plexo.edu.uy\/lecturas-bloque-1\/&#8221; url_new_window=&#8221;off&#8221; _builder_version=&#8221;3.0.86&#8243; show_in_lightbox=&#8221;off&#8221; use_overlay=&#8221;off&#8221; always_center_on_mobile=&#8221;on&#8221; force_fullwidth=&#8221;off&#8221; show_bottom_space=&#8221;on&#8221;]<br \/>\n&nbsp;<br \/>\n[\/et_pb_image][et_pb_text _builder_version=&#8221;3.0.86&#8243; text_line_height=&#8221;2em&#8221; background_layout=&#8221;light&#8221;]<br \/>\n<a href=\"http:\/\/www.plexo.edu.uy\/lecturas-bloque-1\/\" rel=\"noopener\">Ir a lecturas bloque 1<\/a><br \/>\n[\/et_pb_text][\/et_pb_column][et_pb_column type=&#8221;1_4&#8243;][et_pb_image src=&#8221;http:\/\/www.plexo.edu.uy\/wp-content\/uploads\/2017\/11\/2-3.jpg&#8221; url=&#8221;http:\/\/www.plexo.edu.uy\/lecturas-bloque-2\/&#8221; url_new_window=&#8221;off&#8221; _builder_version=&#8221;3.0.86&#8243; show_in_lightbox=&#8221;off&#8221; use_overlay=&#8221;off&#8221; always_center_on_mobile=&#8221;on&#8221; force_fullwidth=&#8221;off&#8221; show_bottom_space=&#8221;on&#8221;]<br \/>\n&nbsp;<br \/>\n[\/et_pb_image][et_pb_text _builder_version=&#8221;3.0.86&#8243; text_line_height=&#8221;2em&#8221; background_layout=&#8221;light&#8221;]<br \/>\n<a href=\"http:\/\/www.plexo.edu.uy\/lecturas-bloque-2\/\" rel=\"noopener\">Ir a lecturas bloque 2<\/a><br \/>\n[\/et_pb_text][\/et_pb_column][et_pb_column type=&#8221;1_4&#8243;][et_pb_image src=&#8221;http:\/\/www.plexo.edu.uy\/wp-content\/uploads\/2017\/11\/3-3.jpg&#8221; url=&#8221;http:\/\/www.plexo.edu.uy\/lecturas-bloque-3\/&#8221; url_new_window=&#8221;off&#8221; _builder_version=&#8221;3.0.86&#8243; show_in_lightbox=&#8221;off&#8221; use_overlay=&#8221;off&#8221; always_center_on_mobile=&#8221;on&#8221; force_fullwidth=&#8221;off&#8221; show_bottom_space=&#8221;on&#8221;]<br \/>\n&nbsp;<br \/>\n[\/et_pb_image][et_pb_text _builder_version=&#8221;3.0.86&#8243; text_line_height=&#8221;2em&#8221; background_layout=&#8221;light&#8221;]<br \/>\n<a href=\"http:\/\/www.plexo.edu.uy\/lecturas-bloque-3\/\" rel=\"noopener\">Ir a lecturas bloque 3<\/a><br \/>\n[\/et_pb_text][\/et_pb_column][et_pb_column type=&#8221;1_4&#8243;][et_pb_image src=&#8221;http:\/\/www.plexo.edu.uy\/wp-content\/uploads\/2017\/11\/4-3.jpg&#8221; url=&#8221;http:\/\/www.plexo.edu.uy\/lecturas-bloque-4\/&#8221; url_new_window=&#8221;off&#8221; _builder_version=&#8221;3.0.86&#8243; show_in_lightbox=&#8221;off&#8221; use_overlay=&#8221;off&#8221; always_center_on_mobile=&#8221;on&#8221; force_fullwidth=&#8221;off&#8221; show_bottom_space=&#8221;on&#8221;]<br \/>\n&nbsp;<br \/>\n[\/et_pb_image][et_pb_text _builder_version=&#8221;3.0.86&#8243; text_line_height=&#8221;2em&#8221; background_layout=&#8221;light&#8221;]<br \/>\n<a href=\"http:\/\/www.plexo.edu.uy\/lecturas-bloque-4\/\" rel=\"noopener\">Ir a lecturas bloque 4<\/a><br \/>\n[\/et_pb_text][\/et_pb_column][\/et_pb_row][\/et_pb_section]<\/p>\n","protected":false},"excerpt":{"rendered":"<p>HISTORIA GENERAL &nbsp; DIOSES Y H\u00c9ROES DE LA ANTIGUA GRECIA Robert Graves &nbsp; KAPUTT Curzio Malaparte &nbsp; NAPOLE\u00d3N, UNA BIOGRAF\u00cdA \u00cdNTIMA Vincent Cronin &nbsp; &nbsp; Ir a lecturas bloque 1 &nbsp; Ir a lecturas bloque 2 &nbsp; Ir a lecturas bloque 3 &nbsp; Ir a lecturas bloque 4<\/p>\n","protected":false},"author":1,"featured_media":0,"parent":0,"menu_order":0,"comment_status":"closed","ping_status":"closed","template":"","meta":{"_et_pb_use_builder":"on","_et_pb_old_content":"","_et_gb_content_width":""},"_links":{"self":[{"href":"https:\/\/viaje18.plexo.edu.uy\/index.php\/wp-json\/wp\/v2\/pages\/3145"}],"collection":[{"href":"https:\/\/viaje18.plexo.edu.uy\/index.php\/wp-json\/wp\/v2\/pages"}],"about":[{"href":"https:\/\/viaje18.plexo.edu.uy\/index.php\/wp-json\/wp\/v2\/types\/page"}],"author":[{"embeddable":true,"href":"https:\/\/viaje18.plexo.edu.uy\/index.php\/wp-json\/wp\/v2\/users\/1"}],"replies":[{"embeddable":true,"href":"https:\/\/viaje18.plexo.edu.uy\/index.php\/wp-json\/wp\/v2\/comments?post=3145"}],"version-history":[{"count":0,"href":"https:\/\/viaje18.plexo.edu.uy\/index.php\/wp-json\/wp\/v2\/pages\/3145\/revisions"}],"wp:attachment":[{"href":"https:\/\/viaje18.plexo.edu.uy\/index.php\/wp-json\/wp\/v2\/media?parent=3145"}],"curies":[{"name":"wp","href":"https:\/\/api.w.org\/{rel}","templated":true}]}}