{"id":4299,"date":"2018-03-06T18:33:51","date_gmt":"2018-03-06T18:33:51","guid":{"rendered":"http:\/\/www.plexo.edu.uy\/?page_id=4299"},"modified":"2018-03-06T18:33:51","modified_gmt":"2018-03-06T18:33:51","slug":"encuesta-de-viajeros-gen-2011-pre-viaje","status":"publish","type":"page","link":"https:\/\/viaje18.plexo.edu.uy\/index.php\/encuesta-de-viajeros-gen-2011-pre-viaje\/","title":{"rendered":"Encuesta de viajeros Gen 2011 (pre-Viaje)"},"content":{"rendered":"<p>[et_pb_section bb_built=&#8221;1&#8243;][et_pb_row][et_pb_column type=&#8221;2_3&#8243;][et_pb_text _builder_version=&#8221;3.0.106&#8243; background_layout=&#8221;light&#8221;]<\/p>\n<h3>Encuesta de viajeros de la Gen 2011 (pre-viaje)<\/h3>\n<hr \/>\n<p>&nbsp;<br \/>\n[\/et_pb_text][et_pb_code _builder_version=&#8221;3.0.106&#8243;]&lt;iframe src=&#8221;https:\/\/docs.google.com\/forms\/d\/e\/1FAIpQLSc0-5Dn-y0pSHLa-5xcm6_znNbye5rTWGK8s4RExbdn9HR7pg\/viewform?embedded=true&#8221; width=&#8221;760&#8243; height=&#8221;500&#8243; frameborder=&#8221;0&#8243; marginheight=&#8221;0&#8243; marginwidth=&#8221;0&#8243;&gt;Cargando\u2026&lt;\/iframe&gt;[\/et_pb_code][\/et_pb_column][et_pb_column type=&#8221;1_3&#8243;][et_pb_text _builder_version=&#8221;3.0.106&#8243; background_layout=&#8221;light&#8221;]<br \/>\nDentro de las actividades del <strong>Espacio de Formaci\u00f3n Integral (EFI) PLEXO<\/strong>, de la <strong>Facultad de Arquitectura, Dise\u00f1o y Urbanismo<\/strong>, se propone esta <strong>encuesta<\/strong>, enteramente <strong>an\u00f3nima<\/strong>, con fines <strong>estad\u00edsticos<\/strong>, de cara a un estudio sociol\u00f3gico del Viaje de Arquitectura, como fen\u00f3meno cultural aun escasamente explorado.<br \/>\n<strong>El llenado de datos es obligatorio para todos los viajeros de la Gen 2011.<\/strong><br \/>\n<em>El objetivo es conocernos como futuros viajeros<\/em>. La informaci\u00f3n producida por esta investigaci\u00f3n resultar\u00e1 m\u00e1s que \u00fatil para tomar decisiones. Las siguientes preguntas no te llevar\u00e1n m\u00e1s de 10 minutos. <strong>Al concluir, el sistema te enviar\u00e1 un mail de confirmaci\u00f3n.<\/strong><br \/>\nDesde ya agradecemos tu colaboraci\u00f3n.<br \/>\nPor cualquier consulta la direcci\u00f3n de correo electr\u00f3nico es <a href=\"mailto:plexo@fadu.edu.uy\">plexo@fadu.edu.uy<\/a><br \/>\nEste trabajo est\u00e1 a cargo de los Profesores del Equipo PLEXO <strong>Mg. Arq. Roberto Langwagen<\/strong>, y <strong>Arq. Laura Vizconde<\/strong>, conjuntamente con el <strong>Mg. Lic. Santiago Escuder<\/strong>, de la <strong>Facultad de Ciencias Sociales<\/strong> de la UDELAR.<br \/>\n[\/et_pb_text][\/et_pb_column][\/et_pb_row][\/et_pb_section]<\/p>\n","protected":false},"excerpt":{"rendered":"<p><div class=\"et_pb_row et_pb_row_0 et_pb_row_empty\">\n\t\t\t\t\n\t\t\t\t\n\t\t\t\t\n\t\t\t\t\n\t\t\t\t\n\t\t\t<\/div> Encuesta de viajeros de la Gen 2011 (pre-viaje) &nbsp; Dentro de las actividades del Espacio de Formaci\u00f3n Integral (EFI) PLEXO, de la Facultad de Arquitectura, Dise\u00f1o y Urbanismo, se propone esta encuesta, enteramente an\u00f3nima, con fines estad\u00edsticos, de cara a un estudio sociol\u00f3gico del Viaje de Arquitectura, como fen\u00f3meno cultural aun escasamente explorado. El [&hellip;]<\/p>\n","protected":false},"author":1,"featured_media":0,"parent":0,"menu_order":0,"comment_status":"closed","ping_status":"closed","template":"","meta":{"_et_pb_use_builder":"on","_et_pb_old_content":"","_et_gb_content_width":""},"_links":{"self":[{"href":"https:\/\/viaje18.plexo.edu.uy\/index.php\/wp-json\/wp\/v2\/pages\/4299"}],"collection":[{"href":"https:\/\/viaje18.plexo.edu.uy\/index.php\/wp-json\/wp\/v2\/pages"}],"about":[{"href":"https:\/\/viaje18.plexo.edu.uy\/index.php\/wp-json\/wp\/v2\/types\/page"}],"author":[{"embeddable":true,"href":"https:\/\/viaje18.plexo.edu.uy\/index.php\/wp-json\/wp\/v2\/users\/1"}],"replies":[{"embeddable":true,"href":"https:\/\/viaje18.plexo.edu.uy\/index.php\/wp-json\/wp\/v2\/comments?post=4299"}],"version-history":[{"count":0,"href":"https:\/\/viaje18.plexo.edu.uy\/index.php\/wp-json\/wp\/v2\/pages\/4299\/revisions"}],"wp:attachment":[{"href":"https:\/\/viaje18.plexo.edu.uy\/index.php\/wp-json\/wp\/v2\/media?parent=4299"}],"curies":[{"name":"wp","href":"https:\/\/api.w.org\/{rel}","templated":true}]}}

<p>[et_pb_section bb_built=&#8221;1&#8243;][et_pb_row][et_pb_column type=&#8221;2_3&#8243;][et_pb_text _builder_version=&#8221;3.0.106&#8243; background_layout=&#8221;light&#8221;]</p>
<h3>Encuesta de viajeros de la Gen 2011 (pre-viaje)</h3>
<hr />
<p>&nbsp;<br />
[/et_pb_text][et_pb_code _builder_version=&#8221;3.0.106&#8243;]&lt;iframe src=&#8221;https://docs.google.com/forms/d/e/1FAIpQLSc0-5Dn-y0pSHLa-5xcm6_znNbye5rTWGK8s4RExbdn9HR7pg/viewform?embedded=true&#8221; width=&#8221;760&#8243; height=&#8221;500&#8243; frameborder=&#8221;0&#8243; marginheight=&#8221;0&#8243; marginwidth=&#8221;0&#8243;&gt;Cargando…&lt;/iframe&gt;[/et_pb_code][/et_pb_column][et_pb_column type=&#8221;1_3&#8243;][et_pb_text _builder_version=&#8221;3.0.106&#8243; background_layout=&#8221;light&#8221;]<br />
Dentro de las actividades del <strong>Espacio de Formación Integral (EFI) PLEXO</strong>, de la <strong>Facultad de Arquitectura, Diseño y Urbanismo</strong>, se propone esta <strong>encuesta</strong>, enteramente <strong>anónima</strong>, con fines <strong>estadísticos</strong>, de cara a un estudio sociológico del Viaje de Arquitectura, como fenómeno cultural aun escasamente explorado.<br />
<strong>El llenado de datos es obligatorio para todos los viajeros de la Gen 2011.</strong><br />
<em>El objetivo es conocernos como futuros viajeros</em>. La información producida por esta investigación resultará más que útil para tomar decisiones. Las siguientes preguntas no te llevarán más de 10 minutos. <strong>Al concluir, el sistema te enviará un mail de confirmación.</strong><br />
Desde ya agradecemos tu colaboración.<br />
Por cualquier consulta la dirección de correo electrónico es <a href="mailto:plexo@fadu.edu.uy">plexo@fadu.edu.uy</a><br />
Este trabajo está a cargo de los Profesores del Equipo PLEXO <strong>Mg. Arq. Roberto Langwagen</strong>, y <strong>Arq. Laura Vizconde</strong>, conjuntamente con el <strong>Mg. Lic. Santiago Escuder</strong>, de la <strong>Facultad de Ciencias Sociales</strong> de la UDELAR.<br />
[/et_pb_text][/et_pb_column][/et_pb_row][/et_pb_section]</p>

<p><div class="et_pb_row et_pb_row_0 et_pb_row_empty">
				
				
				
				
				
			</div> Encuesta de viajeros de la Gen 2011 (pre-viaje) &nbsp; Dentro de las actividades del Espacio de Formación Integral (EFI) PLEXO, de la Facultad de Arquitectura, Diseño y Urbanismo, se propone esta encuesta, enteramente anónima, con fines estadísticos, de cara a un estudio sociológico del Viaje de Arquitectura, como fenómeno cultural aun escasamente explorado. El [&hellip;]</p>
