{"id":53,"date":"2017-09-06T17:35:21","date_gmt":"2017-09-06T17:35:21","guid":{"rendered":"http:\/\/www.plexo.edu.uy\/?page_id=53"},"modified":"2017-09-06T17:35:21","modified_gmt":"2017-09-06T17:35:21","slug":"proyecto-academico","status":"publish","type":"page","link":"https:\/\/viaje18.plexo.edu.uy\/index.php\/proyecto-academico\/","title":{"rendered":"Proyecto Acad\u00e9mico"},"content":{"rendered":"<p>[et_pb_section fb_built=&#8221;1&#8243; _builder_version=&#8221;3.22&#8243; custom_padding=&#8221;0px|||&#8221;][et_pb_row _builder_version=&#8221;3.25&#8243; background_size=&#8221;initial&#8221; background_position=&#8221;top_left&#8221; background_repeat=&#8221;repeat&#8221; column_structure=&#8221;2_3,1_3&#8243;][et_pb_column type=&#8221;2_3&#8243; _builder_version=&#8221;3.25&#8243; custom_padding=&#8221;|||&#8221; custom_padding__hover=&#8221;|||&#8221;][et_pb_code hover_enabled=&#8221;0&#8243; sticky_enabled=&#8221;0&#8243;]<\/p>\n<div data-configid=\"2263062\/52908533\" style=\"width:100%; height:452px;\" class=\"issuuembed\"><\/div>\n<p><!-- [et_pb_line_break_holder] --><script type=\"text\/javascript\" src=\"\/\/e.issuu.com\/embed.js\" async=\"true\"><\/script>[\/et_pb_code][\/et_pb_column][et_pb_column type=&#8221;1_3&#8243; _builder_version=&#8221;3.25&#8243; custom_padding=&#8221;|||&#8221; custom_padding__hover=&#8221;|||&#8221;][et_pb_text _builder_version=&#8221;3.27.4&#8243; border_style=&#8221;solid&#8221;]<strong>OBJETIVO GENERAL<\/strong><br \/>\nProponer a la Gen. 11 un Proyecto Acad\u00e9mico rector del\u00a0Viaje del a\u00f1o 2018, de metas amplias y concretas, dentro\u00a0de los par\u00e1metros de un plan estrat\u00e9gico de acci\u00f3n orientado\u00a0a resultados espec\u00edficos de formaci\u00f3n acad\u00e9mica.<br \/>\n<strong>OBJETIVOS PARTICULARES<\/strong><\/p>\n<ul>\n<li>Generar un marco de acci\u00f3n te\u00f3rico-pr\u00e1ctico capaz de dar\u00a0cohesi\u00f3n a los intereses estudiantiles y los requerimientos\u00a0acad\u00e9micos que el Viaje exige.<\/li>\n<li>Profundizar en la formaci\u00f3n disciplinar del arquitecto\u00a0desde una perspectiva l\u00fadica, poniendo \u00e9nfasis en los ejes\u00a0tem\u00e1ticos definidos en este documento.<\/li>\n<li>Continuar el trabajo iniciado en \u201cPLEXO &#8211; Una traves\u00eda\u00a0multisensorial\u201d respecto a la utilizaci\u00f3n de las nuevas\u00a0tecnolog\u00edas como medio de soporte para el acceso en\u00a0tiempo real a la informaci\u00f3n sensible, y su aprovechamiento\u00a0para la construcci\u00f3n de nuevas y optimizadas din\u00e1micas\u00a0de viaje.<\/li>\n<\/ul>\n<p>[\/et_pb_text][\/et_pb_column][\/et_pb_row][\/et_pb_section]<\/p>\n","protected":false},"excerpt":{"rendered":"<p>OBJETIVO GENERAL Proponer a la Gen. 11 un Proyecto Acad\u00e9mico rector del\u00a0Viaje del a\u00f1o 2018, de metas amplias y concretas, dentro\u00a0de los par\u00e1metros de un plan estrat\u00e9gico de acci\u00f3n orientado\u00a0a resultados espec\u00edficos de formaci\u00f3n acad\u00e9mica. OBJETIVOS PARTICULARES Generar un marco de acci\u00f3n te\u00f3rico-pr\u00e1ctico capaz de dar\u00a0cohesi\u00f3n a los intereses estudiantiles y los requerimientos\u00a0acad\u00e9micos que el [&hellip;]<\/p>\n","protected":false},"author":1,"featured_media":0,"parent":0,"menu_order":0,"comment_status":"closed","ping_status":"closed","template":"","meta":{"_et_pb_use_builder":"on","_et_pb_old_content":"","_et_gb_content_width":""},"_links":{"self":[{"href":"https:\/\/viaje18.plexo.edu.uy\/index.php\/wp-json\/wp\/v2\/pages\/53"}],"collection":[{"href":"https:\/\/viaje18.plexo.edu.uy\/index.php\/wp-json\/wp\/v2\/pages"}],"about":[{"href":"https:\/\/viaje18.plexo.edu.uy\/index.php\/wp-json\/wp\/v2\/types\/page"}],"author":[{"embeddable":true,"href":"https:\/\/viaje18.plexo.edu.uy\/index.php\/wp-json\/wp\/v2\/users\/1"}],"replies":[{"embeddable":true,"href":"https:\/\/viaje18.plexo.edu.uy\/index.php\/wp-json\/wp\/v2\/comments?post=53"}],"version-history":[{"count":0,"href":"https:\/\/viaje18.plexo.edu.uy\/index.php\/wp-json\/wp\/v2\/pages\/53\/revisions"}],"wp:attachment":[{"href":"https:\/\/viaje18.plexo.edu.uy\/index.php\/wp-json\/wp\/v2\/media?parent=53"}],"curies":[{"name":"wp","href":"https:\/\/api.w.org\/{rel}","templated":true}]}}